i + 6. Let b = 8 - -4. Let r = -6 + b. Determine d(r).
0
Let z = -4 + 6. Let m(v) = v**2 - v + 2. Let t be m(z). Let o(c) = 2*c - c + 6*c - t*c. Calculate o(2).
6
Let l(i) = -i**3 + 3*i**2 + 6*i - 3. Let b(t) = t - 4. Let m be 4*(75/(-4))/(-5). Suppose -n - 3*z = -17, -5*n + m = -4*z - 13. Let f be b(n). What is l(f)?
5
Let p(z) = -1 - 4*z - 2*z + 13*z - 6*z. Give p(-7).
-8
Let y = 8 - 4. Let p(l) = 3*l**3 + 5*l**2 - 2*l - 2. Let d = -3 + -2. Let h(u) = -4*u**3 - 5*u**2 + 2*u + 3. Let k(m) = d*p(m) - 4*h(m). Calculate k(y).
-10
Let n be -1 + (2 - 0 - 4). Suppose -q + 6 = 3*m - 2, 3*q = -2*m + 10. Let j(g) = 3 + 3*g**2 + g**3 - g**2 + 0*g**q. Give j(n).
-6
Let q(f) = f**3 - 11 - 3*f + 8 + 2*f**2 + f**3. What is q(-2)?
-5
Let d(l) = -5*l**3 - l**2 + 4*l**3 + l + 8 + 2*l**2. Let n(x) = x**3 + 2*x**2 - 2*x + 4. Let v be n(-3). Let f be 2*(-3)/6 + v. Calculate d(f).
8
Let r(n) be the second derivative of -n**7/2520 + n**6/144 - n**5/60 + n**4/3 - 3*n. Let i(v) be the third derivative of r(v). Determine i(5).
-2
Let s(o) = o**2 + o - 1. Let y(w) be the first derivative of 7*w**4/4 - 4*w**3/3 - 5*w**2/2 + 6*w + 1. Let v(j) = 6*s(j) + y(j). Determine v(-1).
-6
Let d(t) = 6 - 9 + 9 + t. Determine d(-6).
0
Let l = -8 - -16. Let a be 0/2 - (l - 5). Let v(t) = -3*t**2 + 0 + 0*t**2 + 0*t - 2 - t**3 - 3*t. Give v(a).
7
Suppose -5*d + 3 + 7 = 0. Suppose -d = -o - 0. Let z(r) = -r**3 + 3 + 3 - 3*r**o - 4*r**2 - 5*r. Calculate z(-6).
0
Let h = -75 + 81. Let g(u) = -u**3 + 5*u**2 + 6*u + 7. Calculate g(h).
7
Let b(i) = -2*i + 2. Let a be ((-6)/9 + -3)*-3. Suppose 3 = 4*l + a. What is b(l)?
6
Let w(j) = j**3 - j**2 - j + 2. Let k(y) be the first derivative of -y**3/3 + 3*y**2 - 1. Let q be k(6). Give w(q).
2
Let z(n) be the first derivative of 2 - 6*n - 1/2*n**2. What is z(-5)?
-1
Suppose 0 = -4*h - 2*q + 12, h + 8 = -4*q - 3. Let w(o) = 2*o + 4*o - h*o. Give w(6).
6
Let r(k) = -k**3 + 1. Let t(h) = 3. Let v(c) = 2*r(c) - t(c). What is v(-2)?
15
Let g(x) = x**2 + 4*x - 3. Let k be (((-12)/3)/(-12))/((-1)/15). Calculate g(k).
2
Suppose -4 + 2 = 2*i. Let u = 0 - i. Let a(p) = -p + u - p - 2 - 3*p**2. What is a(-2)?
-9
Let a(f) = -5*f**2 - f. Suppose -4*o - c = 30, -3*o - 3 - 27 = -3*c. Let u = o + 7. Determine a(u).
-4
Let p(i) = i + 7. Let r be (225/(-10))/(6/(-8)). Suppose 0 = -3*b - 9, 0*u - 2*b - r = 4*u. Determine p(u).
1
Let o(f) = -f**3 - 2*f**2 - f - 1. Let d be o(-2). Suppose 0 = 2*s - d - 1. Let y(p) = -1 - 10*p + 4 - 3 + s. Determine y(-1).
11
Let i(r) = -2*r**2 - 8*r + 4. Let p(c) = 3*c**2 + 9*c - 5. Let b(o) = 2*o + 7. Let t be b(-5). Let f(v) = t*p(v) - 4*i(v). Suppose 4*d - 14 - 6 = 0. Give f(d).
-1
Let t = 12 - 10. Let h(k) = k**3 + 5*k**2 - 5*k + 6. Let c(l) = -3*l**3 - 10*l**2 + 10*l - 13. Let s(u) = t*c(u) + 5*h(u). Determine s(3).
7
Let n(h) = 2*h + 0 - 4 + h - 2*h. What is n(6)?
2
Let s be 2/(-6)*(-15)/1. Let k(p) be the second derivative of -p**4/12 + p**3/2 + 3*p**2 + 11*p. What is k(s)?
-4
Let h(v) = v**2 + 1. Let o(t) = -2*t**2. Let k(g) = 4*h(g) + o(g). What is k(3)?
22
Suppose 2*y = 6*y. Let d(v) = y*v + 5*v - 5*v - 3 - v. Give d(-5).
2
Let t(q) = q**3 - 4*q**2 + 3*q - 2. Let m be 8/(-18)*45/(-10). What is t(m)?
-4
Let t(q) = 5*q**2 + q. Let h = -7 - -11. Let i(y) = 11*y**2 + y - 1. Let s(k) = h*i(k) - 9*t(k). Let n(d) = -d**3 + 4*d**2 + 3*d + 7. Let z be n(5). Give s(z).
2
Let u(d) = -d**2 - 2*d + 3. Let v(z) = -z**2 + 9*z + 12. Let k be v(10). What is u(k)?
-5
Let t(z) be the second derivative of z**3/2 - 3*z**2/2 - 12*z. Determine t(3).
6
Let v be 6*1 - (-12)/(-6). Let p(h) = -h**3 + 4*h**2 + 2*h. Give p(v).
8
Let v(f) = -3*f - 4. Let z be v(-3). Let u = -4 + z. Let h be (u - 0)/(4 + -3). Let k(r) = -r**2. Determine k(h).
-1
Let a(q) = 2*q + 2. Let c be ((-4)/(-10))/((-19)/95). Give a(c).
-2
Suppose -3*h - 2*h - 2*o - 21 = 0, 2*o = -h - 9. Let t(u) = -2*u + 1. Let j(p) = 4*p - 2. Let m(f) = 3*j(f) + 7*t(f). Calculate m(h).
7
Let o(b) = -b - 4. Suppose -1 = -5*i - 3*x - 14, -4*i - x - 16 = 0. Let y be 6/(-4)*(-1 - i). Calculate o(y).
2
Suppose -4*v - 20 = 0, 5*b = v + 4*v + 50. Suppose 0 - 6 = -3*z. Let q = b - z. Let x(a) = -a**2 + 2*a + 4. Determine x(q).
1
Let w(r) = r**2 - 6*r - 5. Let f(c) = -3*c**2 + 12*c + 11. Let k(a) = 2*f(a) + 5*w(a). Determine k(-4).
5
Let y(l) be the second derivative of -l**5/20 + l**4/2 - 2*l**2 - 10*l. What is y(6)?
-4
Let z(l) = -l - 4*l**2 + 1 + 2*l**2 - l. Let u = 2 - 1. Let m be z(u). Let b(v) = -3*v - 4. Determine b(m).
5
Let u be (3 + -5)/(-4)*6. Let v(d) = 3*d - 2 + 1 - u + 5. Calculate v(1).
4
Let z = -81 + 77. Let p(d) be the third derivative of d**6/120 + d**5/20 - d**4/8 + d**3/2 - 2*d**2. Give p(z).
-1
Let a = 15 - 12. Let p(j) = -j**3 + j**2 + 4*j + 1. What is p(a)?
-5
Let j(t) = t**2 + 26 + 3*t + 21 + 6*t - 37. Give j(-7).
-4
Let b(d) = 4*d - 3 - 2*d + 5 - 3. Let z(r) = -r - 14. Let f be z(-15). Determine b(f).
1
Let w(v) be the first derivative of v**3/3 - 5*v**2/2 - 3*v + 28. Determine w(4).
-7
Let l(n) = n**2 - n + 1. Let y be (-5)/(-2)*32/40. Give l(y).
3
Let v(n) = -7*n**2 + n + 5*n**2 + 9 + n**2 + 0*n**2. Determine v(0).
9
Let d = 10 + -4. Let f(m) = m**3 - 5*m**2 + m - 3. Let i be f(5). Let j(p) = -p**i + 4*p + p + 8 - 3. What is j(d)?
-1
Let d(t) be the second derivative of -2*t**2 + 0 + t**3 + 4*t - 1/12*t**4. Determine d(6).
-4
Let y(s) = 2 + 3*s**2 - 5*s + 2*s + 1. Determine y(2).
9
Let h be 15/(-6) + 1/(-2). Let c = -5 - h. Let v(y) = -2*y. Calculate v(c).
4
Let d(p) = 10*p**3 - p**2 + p - 1. Let s be d(1). Let x be (-3)/(s/(-6)) - -1. Let t(c) = c**3 - 4*c**2 + 3*c + 2. Give t(x).
2
Let q(k) = -2*k + 7. Let x be q(6). Let a = 8 + x. Let c(f) = -f**2 + f + 1. Let m(r) = 5*r**2 - 5*r - 9. Let o(z) = -6*c(z) - m(z). Calculate o(a).
9
Let t(b) = -b**3 + 6*b**2 + 4*b + 9. Let u(w) = w**3 - 7*w**2 - 4*w - 10. Let d(z) = 7*t(z) + 6*u(z). Calculate d(-2).
3
Let m(t) = t**3 - 3*t**2 + 2*t - 4. Let w be m(3). Let f(d) = -12840*d - 2 + 12844*d - 1 - d**3 + d**2. What is f(w)?
1
Let n be (2/(-3))/(2/3). Let i(r) = -16*r + 1. Determine i(n).
17
Let d(t) be the second derivative of t**3/3 + 5*t**2 + 25*t. Give d(-9).
-8
Let h(q) = -q**2 + 6*q - 4. Suppose 3*p + 0*p - 28 = n, -5*n = -p. Let y = -1 + 6. Suppose 3*t + p = y*t. Calculate h(t).
1
Let g(u) = 6*u**2 + 0*u**2 + 7*u**2 - 5*u + 9 - 14*u**2. Calculate g(-7).
-5
Let q(j) = -2 - 2*j + j**2 - 4*j + j. Suppose 0 = t + t - 12. Give q(t).
4
Let r be 99/44 + (-2)/8. Suppose r*w - 6*w = -8. Let y(q) = -q**2 - 2*q + 3. What is y(w)?
-5
Let v(k) = 8*k**2 + 1. Let i(x) = 3*x**2 + 5*x**3 + 3*x**3 - 1 - x**3 - 6*x**3. Let j = -6 + 3. Let t be i(j). Determine v(t).
9
Let l(x) = -x - 11. Suppose -12 = -2*z + 12. Suppose f - z + 4 = c, 5*c + 13 = -4*f. Give l(c).
-6
Let a(l) = 4*l - 1. Let p(r) = -8*r + 3. Let x(w) = 5*a(w) + 3*p(w). Let v be (-9)/6*(-6)/9. Let g be (v/(-2))/(7/(-42)). Calculate x(g).
-8
Let p be 64/(-72)*(-6)/8. Let g(r) be the first derivative of r**2 + 2 + 0*r + 1/4*r**4 + p*r**3. Give g(-2).
-4
Let r(n) = n**3 - 6*n**2 - 6*n + 3. Let v(z) = -z**2 - 16*z - 8. Let m be v(-15). Calculate r(m).
10
Suppose p + 4*b + 11 = 0, 2*b = p - 3*b - 25. Let f(h) = h + 7 - 6*h + p*h + 2*h. Suppose x + 17 = -3*g, -4*g - 4*x - 38 + 10 = 0. Calculate f(g).
-3
Let l(u) be the first derivative of 1/12*u**4 - 2*u - 1/2*u**2 - 1 + 2/3*u**3. Let g(h) be the first derivative of l(h). Calculate g(-4).
-1
Let b be 1/(-2) + 1/2. Let v(i) = i**3 - i - 5. What is v(b)?
-5
Let n(o) = -o - 5. Suppose y - q = -5*q - 13, 3*y = -2*q - 19. Give n(y).
0
Let s(v) = 3*v + 2*v - 3*v - v**2 + 9 - 3*v. Suppose 20 = -5*j, 5*j + 6 - 1 = -5*a. Suppose -2*f - a*f = 0. Calculate s(f).
9
Let v = 25 - 14. Let m(o) = 0*o + 1 + 0*o - 9*o**2 + v*o**2. Calculate m(2).
9
Let p = -4 - 0. Let a(k) = -k + 8. Let u be 6 - (3 + -2 - -1). Let y(z) = z - 1. Let v(n) = u*y(n) + a(n). Calculate v(p).
-8
Let d(i) = -i**2 + 1. Let c(m) = m**3 + 3*m**2 + m + 5. Let t be c(-3). Determine d(t).
-3
Let m(y) = y**2. Let t(l) = -l**2 - 7*l. Let d(z) = -2*m(z) - t(z). Determine d(6).
6
Let g(t) = t**2 - 6*t - 3. Suppose 3*x - 2*k - 17 = 0, -2*x - 8 = -6*x - k. Suppose -2*q + x*q - 2 = 0, 4*q = -2*l + 12. Let z = l - -4. Determine g(z).
-3
Let z(n) = n**3 + 6*n**2 - 2*n + 4. Let c be z(-6). Let a 